*y - x, -y + 0*y = 2*l - 102. What are the prime factors of l?
2, 5
Let r(u) = -3*u**3 + 11*u**2 + 2*u + 4. Let t be r(4). What are the prime factors of -17*(-14 - t/(0 + 2))?
2, 3, 17
Suppose 4*p + 32 = -12. Let a(h) = h**2 + 2*h - 27. List the prime factors of a(p).
2, 3
Let k(m) be the third derivative of m**5/60 + m**4/8 - 7*m**3/6 - 10*m**2. What are the prime factors of k(7)?
3, 7
Suppose 1160 = 19*h - 14*h. What are the prime factors of h?
2, 29
Let t(m) = 2*m**2 - m + 5. Let z be t(-6). Let h = z + -24. What are the prime factors of h?
59
Suppose -588*y - 3354 = -591*y. List the prime factors of y.
2, 13, 43
List the prime factors of -2*-26*(-45)/(-20).
3, 13
Suppose 0 = -2*i - 3*f - 30, -f - 20 - 32 = 3*i. Let o = -16 - i. Let p(j) = 27*j. What are the prime factors of p(o)?
2, 3
Suppose 103*g - 97*g = 8754. List the prime factors of g.
1459
Let i be (2/2)/1*0. Let a = 973 + -968. Suppose i = a*u - u - 164. What are the prime factors of u?
41
Let f(o) = -4*o**3 + 20*o**2 + 17*o + 29. Let x(v) = 3*v**3 - 19*v**2 - 17*v - 28. Let y(s) = -4*f(s) - 5*x(s). List the prime factors of y(-12).
2, 3, 7
Let j(i) = -i + 47. Let q(g) = 24. Let u(f) = -3*j(f) + 7*q(f). List the prime factors of u(13).
2, 3, 11
Suppose -27*d = -29*d - 4*a - 6, d + 4*a = -3. Let w = 0 + -1. What are the prime factors of w/(-3)*d + 38?
37
Let r(l) = -l**2 - 7*l - 3. Let o be r(-8). Let u = o - -16. Suppose -2*s - 140 = -6*s + t, u*t + 160 = 5*s. What are the prime factors of s?
2, 3
Suppose -5*t + 2 = 3*w - 7031, -t - 2347 = -w. What are the prime factors of w?
2, 3, 17, 23
Let z = -38 - 126. Let m = 237 + z. What are the prime factors of m?
73
Suppose 5*c - 16 = c. Let s be (-490)/(-56) - (-1)/c. List the prime factors of 123/s*1*3.
41
Let i = 44 + -44. Suppose 4*n - 200 + 16 = i. List the prime factors of n.
2, 23
Suppose 4*p = -3*f + 17, -p + 4*p - 16 = f. Suppose 0 = -p*z - 111 + 36. What are the prime factors of (-50)/z*2*3?
2, 5
Suppose -2*o - 2456 + 9332 = -4*s, 3*s - 9 = 0. What are the prime factors of o?
2, 3, 7, 41
Let h = -2239 - -6133. List the prime factors of h.
2, 3, 11, 59
Suppose 10*m - 8*m = -14. Let f be (m - -7)/(1 - 2). Suppose u + u - 84 = f. What are the prime factors of u?
2, 3, 7
Let m(g) be the second derivative of -g**5/20 - g**4/3 - g**3/6 - 6*g**2 - 14*g. What are the prime factors of m(-5)?
2, 3
Let c = 152 + -47. Suppose -4*n = 47 + c. Let z = -22 - n. What are the prime factors of z?
2
Let g(w) = -w**2 - 9*w - 6. Let n be g(-7). Suppose 5*l - 3*i - n = 32, -3*l + 24 = -5*i. Suppose -r - 2 + l = 0. What are the prime factors of r?
2, 3
Suppose -2*f + 4*c + 6 = -20, 20 = 5*f - c. Suppose -5*r + 190 = -p, -2*p + 101 = 6*r - f*r. What are the prime factors of r?
37
Let t be (-252)/(-30)*(-10)/3. Let f = t - -52. Suppose -2*x = x - f. List the prime factors of x.
2
Let w = 107 - 92. Suppose 0 = 13*y - w*y + 420. List the prime factors of y.
2, 3, 5, 7
Suppose -8900 = -4*q + 1324. Suppose 9*n + 0*n - q = 0. What are the prime factors of n?
2, 71
Suppose 24*a - 21*a = 267. Suppose -4*s + j + 73 = 0, 5*s - a = -0*s - j. List the prime factors of s.
2, 3
Suppose f = c - 0*f + 11, 0 = -4*c - 5*f + 1. What are the prime factors of (57/(-2))/(c/28)?
7, 19
Suppose j = 19*j - 51426. List the prime factors of j.
2857
Suppose 4*n + 3 = -a - n, 4*a - 3 = -5*n. Suppose -5*g + 264 = -a*g. List the prime factors of (g/6)/((-2)/(-3)).
2, 11
Let u(o) = -o**3 + 2*o - 3. Let d be u(-3). Let l = d - 6. Suppose -b - 4 = 0, 4*z = b + 72 + l. What are the prime factors of z?
2, 5
Suppose 0 = -5*m + 5, -4*m + 63 = 3*y - 43. Let c = y - 31. What are the prime factors of -8*(46/(-4) + c)?
2, 17
Suppose -2*h - 4 = 2. Let v be ((-2)/4)/(h/18). Suppose 0 = -3*a - v*a + 114. List the prime factors of a.
19
Let s(a) = -a - 117. Let c(o) = o**2 + 3*o + 352. Let u(w) = -2*c(w) - 7*s(w). List the prime factors of u(0).
5, 23
Let h be 15 - (10/5 - -1). Let l be 20846/h + (-9)/54. What are the prime factors of l/36 + (-3)/12?
2, 3
Let x be 2412/198 - (-4)/(-22). What are the prime factors of (-98)/(-3) - (-4)/x?
3, 11
Let o = 170 + -243. Let j = -37 - o. Suppose -24 = -5*f + j. What are the prime factors of f?
2, 3
Suppose 2*n - 2 = -2*n - r, -4*n + 3*r + 10 = 0. Let z be n/(-2)*8 + 8. Suppose 5*x - 190 = 4*a - 0*a, 0 = -z*a. What are the prime factors of x?
2, 19
Suppose -3*t = 3*i - 1908, -3*i - 5*t + 1938 = -8*t. List the prime factors of i.
641
Let k(h) be the third derivative of h**5/15 - 7*h**4/24 + 7*h**3/2 + 33*h**2. List the prime factors of k(7).
2, 3, 7
Let j = -5578 - -8156. List the prime factors of j.
2, 1289
Let d = -5 + 5. Suppose 2*q + 5*z = -2*q + 8, 2*q - 5*z - 4 = d. Suppose 0 = 5*o + q*b - 315, -3*o - b + 103 + 86 = 0. What are the prime factors of o?
3, 7
Let w = -9 + 9. Suppose 2*v + v - 2*l - 78 = w, -42 = -2*v - 2*l. What are the prime factors of v?
2, 3
Suppose 3*w + 3 = -6. Let r be w*1*12/(-4). Let g = 18 - r. What are the prime factors of g?
3
Let p = -3 - -5. Suppose 0 = 5*d + 25, -p*x + 2*d = x + 29. Let q = x - -18. What are the prime factors of q?
5
Suppose 5*f = -n - 0*n + 8, 5*n = 2*f - 14. Suppose 0 = w + f*w - 141. What are the prime factors of w?
47
Suppose -23*w + 19623 - 3776 = 0. List the prime factors of w.
13, 53
Suppose 0 = -l + 5 - 2. Suppose -4*j - l*r = -848, -2*j = -3*r + 206 - 630. List the prime factors of j.
2, 53
Let r(o) = o**2 - o. Let w(x) = -3*x**2 + 9*x + 15. Let j(z) = 4*r(z) + w(z). Let t = 60 + -70. List the prime factors of j(t).
5, 13
Suppose 4*a + 15 = -3*d - 0*d, -4*d - 10 = 2*a. Let s be -2 - -3 - (1 + 3). What are the prime factors of s + a/6*-38?
2
Let k = -140 - -423. What are the prime factors of k?
283
Let g(l) = -l**2 - 19*l - 27. Suppose -10*k = -3*k + 119. What are the prime factors of g(k)?
7
Let m(g) = 16*g. Let f be m(5). Let t(s) = 2*s**3 - 13*s**2 - 2*s + 8. Let x be t(7). Let b = f - x. List the prime factors of b.
37
Suppose j - j = -4*j. Suppose 4*w - 3 - 693 = j. List the prime factors of w.
2, 3, 29
Let u(y) = y**2 - 14*y - 19. Let d be u(13). Let q = d - -61. List the prime factors of q.
29
Let d = 90 - -4. Let u = d - 60. What are the prime factors of u?
2, 17
Suppose 0 = 3*j + 4*y - 10, 4*j = -5*y + 13. List the prime factors of -1*55*(-2)/j.
5, 11
What are the prime factors of (19/(-4))/((-7)/924)?
3, 11, 19
Suppose 0*j = 5*j + 5*w - 145, 3*w = -2*j + 53. Let a(r) = j*r + 8 - 3 - 3 - 5. List the prime factors of a(1).
31
What are the prime factors of -5 + -1 - -4 - -1500?
2, 7, 107
Let i(x) = -5*x + 13. Let j be i(2). Let y(d) = 27*d**2 + 3. List the prime factors of y(j).
2, 3, 41
Suppose 3*a - 11 = 13. Suppose a = 4*m - 8. Suppose -m*b - b + 95 = f, -4*f - 80 = -3*b. List the prime factors of b.
2, 5
Let r be ((-32)/6)/((-11)/297). Let c = -58 + r. What are the prime factors of c?
2, 43
Let t = -47 + 27. Let v = -1 + t. List the prime factors of (364/v)/((-4)/18).
2, 3, 13
Suppose r + 20 = 5*r. Suppose -5*s = -5*k - 355, -2*k + r*k = -9. List the prime factors of s.
2, 17
Let w = 471 - 289. List the prime factors of w.
2, 7, 13
List the prime factors of -9 + 782 + (-5 - 0).
2, 3
Let f(u) = -u**3 + 4*u**2 + 4*u - 13. Let h be f(5). List the prime factors of (405 - 0)*(-6)/h.
3, 5
Let c = 445 - 330. What are the prime factors of c?
5, 23
Let x(z) = 3*z**2 + 5*z + 52. Let r(f) = -9*f**2 - 14*f - 157. Let y(w) = -4*r(w) - 11*x(w). List the prime factors of y(0).
2, 7
Suppose -112 = 3*b - 7*b + s, -3*b + 83 = -s. Suppose -q + 7 = i, -b = -5*i - 5*q + 3*q. Suppose 25 + i = 2*f. What are the prime factors of f?
3, 5
Let l be 1 + -3 + 23/1. Let k = -13 + l. Let d = k - -4. What are the prime factors of d?
2, 3
Suppose 2*p - 3*q + 63 = 0, 75 = -2*p + 2*q + 9. Let c = 137 + -61. Let s = p + c. What are the prime factors of s?
2, 5
Let q(g) = 62 - 3*g + 4*g + 2*g. What are the prime factors of q(0)?
2, 31
Suppose 458 = 4*k - 158. Let o be (-4)/(-6) + k/21. Suppose -71 = -5*h + 2*a - o, 4*a = -2*h + 6. List the prime factors of h.
11
Let u = -300 - -479. List the prime factors of u.
179
Let v be (0/(-1))/(-1) - 0. Suppose 13*z + 59 - 306 = v. What are the prime factors of z?
19
Let h be -3 - -7 - 229/(-1). Suppose -4*p = b - h, 2*b = -3*p - 3*b + 162. List the prime factors of p.
59
Suppose -6*